b(w) = -w**3 - 181*w**2 - 1258*w - 203. Give b(-7).
77
Let q(p) = 2*p**3 + 48*p**2 - 212*p - 206. Determine q(-28).
-542
Let j(i) = i**3 + 211*i**2 + 2035*i - 33000. Determine j(-200).
0
Let j(s) = s**3 + 125*s**2 + 129*s + 104. Calculate j(-124).
-516
Let x(v) = 3363*v - 66420. What is x(20)?
840
Let z(b) = -b**2 + 44*b + 678. What is z(56)?
6
Let g(a) = 14*a**3 - 375*a**2 + 751*a - 9. Determine g(2).
105
Let k(m) = 1104*m + 222130. Give k(-201).
226
Let u(a) = a**3 + 19*a**2 + 3729*a + 40071. Calculate u(-11).
20
Let a(b) = -91*b**3 + 5*b**2 + 1831*b - 3669. Determine a(2).
-715
Let u(q) = -2*q**3 - 73*q**2 - 138*q - 1226. Give u(-35).
-71
Let x(i) = -2*i**3 - 377*i**2 - 1217*i + 14410. What is x(-185)?
-20
Let m(p) = 3*p**3 + 628*p**2 + 835*p + 292. Give m(-208).
-332
Let q(y) = -74*y - 1348. Determine q(-20).
132
Let i(v) = -v**3 + 74*v**2 - 1255*v - 1435. Calculate i(46).
83
Let q(z) = 1775*z - 20434. What is q(11)?
-909
Let v(c) = -c**3 + 238*c**2 + 312*c - 74288. Calculate v(238).
-32
Let x(g) = 7*g**3 - 131*g**2 - 45*g - 98. What is x(19)?
-231
Let g(q) = 3508616*q - 7017241. Give g(2).
-9
Let p(c) = 456*c + 2435. Calculate p(-6).
-301
Let q(d) = 2*d**3 + 8*d**2 - 3856*d + 369. Give q(-46).
1
Let s(x) = x**3 + 237*x**2 + 264*x + 6573. What is s(-236)?
-35
Let v(b) = 64*b**2 + 3*b - 41. Calculate v(2).
221
Let g(i) = -3780*i + 87256. Calculate g(23).
316
Let b(s) = -108*s**2 + 6373*s - 137. Calculate b(59).
-78
Let w(j) = -j**3 - 41*j**2 + 34*j + 1397. Give w(-41).
3
Let z(c) = -2059*c**2 - 170896*c + 68. Give z(-83).
-15
Let o(s) = 25569*s + 52799986. Determine o(-2065).
1
Let y(x) = 42*x**2 + 8480*x - 1016. Calculate y(-202).
-208
Let r(y) = -y**3 - 6*y**2 - 17*y - 1075. What is r(-12)?
-7
Let q(h) = 300507*h + 1502528. Calculate q(-5).
-7
Let h(a) = -421*a**2 - 3380*a - 91. Give h(-8).
5
Let j(b) = -187*b**2 + 348*b + 32. What is j(2)?
-20
Let v(q) = 41*q**2 - 1025*q - 60. Give v(25).
-60
Let w(g) = 6*g**2 - 37*g + 35. What is w(-19)?
2904
Let d(m) = -m**3 - 67*m**2 - 1036*m - 212. Calculate d(-43).
-40
Let n(t) = -26229*t + 2255669. Give n(86).
-25
Let l(t) = -136*t**2 + 1512*t - 52. Determine l(11).
124
Let d(f) = f**3 + 7*f**2 - 16971*f - 84874. Determine d(-5).
31
Let k(y) = -2607*y + 49578. Calculate k(19).
45
Let z(v) = -252*v + 23593. Give z(94).
-95
Let p(u) = 3111*u - 46719. Calculate p(15).
-54
Let p(h) = 2*h**3 - 1608*h**2 - 19590*h + 4902. Give p(816).
6
Let k(s) = 465*s + 43639. Give k(-95).
-536
Let n(j) = j**3 + 54*j**2 + 141*j - 689. Determine n(-51).
-77
Let l(m) = -4*m**2 - 211*m - 1098. Give l(-5).
-143
Let l(h) = -7*h**2 + 1284*h + 497. What is l(183)?
1046
Let s(t) = -873*t - 66722. Give s(-77).
499
Let j(z) = z**3 - 25*z**2 - 705*z - 2740. Determine j(-13).
3
Let x(j) = 2*j**2 - 84*j - 12. What is x(11)?
-694
Let o(v) = 430*v + 2773. What is o(-6)?
193
Let j(k) = -5*k**2 + 11226*k + 89633. Determine j(-8).
-495
Let r(i) = 23*i**3 + 154*i**2 + 260*i + 44. What is r(-4)?
-4
Let k(d) = d**2 - 518*d - 3062. Calculate k(-6).
82
Let f(t) = -t**3 + 56*t**2 - 754*t + 562. Calculate f(34).
358
Let q(f) = -5*f**3 + 1637*f**2 - 745*f + 29871. Give q(327).
114
Let v(k) = k**3 - k**2 + 9406*k + 28254. Determine v(-3).
0
Let u(w) = -618*w + 22961. Give u(37).
95
Let s(q) = -q**3 + 71*q**2 - 111*q + 886. What is s(70)?
-1984
Let g(p) = p**3 - 95*p**2 + 2444*p - 11574. Calculate g(53).
-20
Let v(o) = o**3 - 128*o**2 + 328*o + 20847. What is v(124)?
15
Let h(u) = 8*u**3 + 2197*u**2 - 803*u + 6052. Determine h(-275).
2
Let j(x) = -7*x**2 + 44*x + 12782. Give j(46).
-6
Let b(u) = u**3 + 10*u**2 + 28*u + 251. Give b(-11).
-178
Let m(a) = 1917*a + 15988. Determine m(-8).
652
Let r(y) = -y**2 - 361*y - 5833. Calculate r(-344).
15
Let c(h) = -h**3 + 102*h**2 - 1255*h + 23126. Determine c(91).
12
Let r(v) = 35*v**2 + 85*v + 26. What is r(-2)?
-4
Let i(w) = -653*w**2 + 21549*w + 57. Calculate i(33).
57
Let h(a) = 21517*a + 171955. What is h(-8)?
-181
Let j(l) = -67*l - 254. Calculate j(-4).
14
Let x(r) = -30*r**3 + 4*r**2 - 3*r - 3. Give x(-1).
34
Let d(w) = -w**2 + 123*w + 6908. Calculate d(-43).
-230
Let d(n) = -n**2 - 111919*n - 335761. Calculate d(-3).
-13
Let t(k) = -2*k**3 - 20*k**2 - 147*k - 85. Calculate t(-6).
509
Let v(m) = 138*m - 4674. Determine v(34).
18
Let y(v) = -2*v**2 - 7797*v + 117437. Give y(15).
32
Let y(g) = -50*g - 23514. Determine y(-465).
-264
Let f(p) = -p**2 - 22322*p - 267979. Calculate f(-12).
-259
Let y(q) = 3*q**2 - 249*q - 20453. Give y(134).
49
Let k(n) = 110*n**2 + 153*n + 39. Give k(4).
2411
Let x(y) = 105864*y + 1270369. What is x(-12)?
1
Let r(q) = -13387*q + 13572. What is r(1)?
185
Let i(g) = -290*g - 13428. Determine i(-46).
-88
Let m(s) = s**2 + 440*s - 67287. Give m(120).
-87
Let w(z) = -8300*z + 8572. Determine w(1).
272
Let g(f) = -f**2 + 165*f + 2340. Calculate g(174).
774
Let z(d) = 162257*d - 324696. Calculate z(2).
-182
Let w(g) = -236665*g + 2603312. Determine w(11).
-3
Let l(q) = 15*q**3 - 73*q**2 - 61*q + 344. What is l(6)?
590
Let u(a) = 11*a**3 + 5*a**2 + 15*a + 128. Give u(-4).
-556
Let f(w) = -w**3 - 3*w**2 - 78*w + 243. Calculate f(3).
-45
Let g(t) = -t**2 + 145*t - 735. What is g(149)?
-1331
Let j(v) = -3611*v - 148062. What is j(-41)?
-11
Let i(c) = -2042*c + 42885. What is i(21)?
3
Let d(t) = -t**3 + 1080*t**2 - 6434*t - 10719. What is d(1074)?
21
Let b(t) = -442912*t - 2657479. What is b(-6)?
-7
Let t(h) = -16433*h - 149289. Give t(-9).
-1392
Let b(t) = 168*t - 49392. Determine b(294).
0
Let x(l) = 5*l**2 + 2583*l - 215090. Determine x(73).
114
Let c(v) = -44*v + 1931. What is c(30)?
611
Let p(q) = 3*q**3 - 1388*q**2 + 3680*q + 7. Calculate p(460).
7
Let j(o) = -90*o**2 + 12*o - 44. Give j(3).
-818
Let v(w) = 2*w**2 - 36*w + 62. Give v(15).
-28
Let a(w) = -7816*w**2 + 15636*w - 5. Give a(2).
3
Let n(t) = -t**2 - 869*t - 2609. Give n(-3).
-11
Let k(x) = -x**3 - 3*x**2 + 209*x - 81. Determine k(-16).
-97
Let t(h) = -h**2 - 561*h - 70355. What is t(-189)?
-47
Let h(i) = -182*i - 25462. Calculate h(-153).
2384
Let g(o) = -28*o**2 - o + 740. What is g(4)?
288
Let t(d) = -2013*d + 52342. What is t(26)?
4
Let k(y) = -3796*y + 2011893. Determine k(530).
13
Let n(v) = 3403*v - 53861. Give n(16).
587
Let j(o) = 125506*o + 1255058. Calculate j(-10).
-2
Let z(t) = 1250*t - 440118. Give z(352).
-118
Let y(w) = 22927*w + 160584. Determine y(-7).
95
Let s(o) = 1438*o**2 + 468*o + 468. Calculate s(-1).
1438
Let g(u) = 2*u**3 + 22*u**2 - 149*u + 4. Calculate g(-11).
1643
Let i(d) = 6*d**2 - 4131*d + 12338. What is i(3)?
-1
Let x(b) = 3*b**2 + 72*b + 791. What is x(-12)?
359
Let a(t) = -t**2 - 188*t - 7343. Determine a(-135).
-188
Let p(l) = -34663*l + 207988. Calculate p(6).
10
Let v(g) = 232169*g + 2321684. Calculate v(-10).
-6
Let d(f) = -63*f**2 + 1641*f - 4936. Determine d(3).
-580
Let a(h) = -305*h + 73214. Determine a(240).
14
Let a(u) = 99*u - 19549. Determine a(195).
-244
Let r(v) = v**2 + 70*v - 12281. What is r(81)?
-50
Let v(t) = -210*t - 620. Calculate v(-3).
10
Let w(r) = 67074*r + 871966. Calculate w(-13).
4
Let r(v) = 14*v**2 + 4777*v + 1006. What is r(-341)?
-17
Let d(r) = 15*r**2 + 1308*r - 369. Determine d(-88).
687
Let s(m) = 52153*m - 104837. What is s(2)?
-531
Let t(p) = 304*p**2 + 908*p - 22. Determine t(-3).
-10
Let u(i) = -25442*i + 28596800. What is u(1124)?
-8
Let d(k) = k**2 + 559*k + 26357. Determine d(-52).
-7
Let j(r) = 475*r**2 + 9888*r + 198. What is j(-21)?
2025
Let t(u) = 1963*u + 119678. Determine t(-61).
-65
Let b(w) = -261*w**2 + 5239*w + 140. Determine b(20).
520
Let d(m) = m**3 - 2*m**2 + 217*m - 771. Calculate d(4).
129
Let o(s) = 141*s - 2295. Determine o(12).
-603
Let o(s) = 25*s + 1096. Give o(-46).
-54
Let x(k) = 19*k**3 + 2167*k**2 + 587*k + 53928. Give x(-114).
6
Let c(k) = 921*k + 202624. What is c(-220)?
4
Let g(d) = -10369*d + 953911. What is g(92)?
-37
Let w(o) = 3*o**2 - 1479*o - 10394. What is w(-7)?
106
Let b(h) = 2*h**3 + 105*h**2 + 1335*h - 76. Determine b(-31).
-138
Let h(g) = -174236*g + 1916592. What is h(11)?
-4
Let g(q) = -10*q**2 - 116*q - 680. Determine g(-6).
-344
Let f(m) = -15*m**3 + 186*m**2 - 426*m + 3. Give f(3).
-6
Let n(v) = 3641*v - 167444. Calculate n(46).
42
Let s(l) = -657*l**3 - l**2 - 40*l - 39. What is s(-1)?
657
